 = 0. Is d*((-196805)/7)/(-5) a prime number?
True
Is ((-81247787)/(-332))/(1/4) prime?
False
Let z(j) = -j**2 + 14*j - 18. Let u be z(10). Suppose u*l = 30*l - 8552. Is l a composite number?
False
Let a = -10 - -22. Suppose -6 = -a*d + 66. Suppose -1482 = d*y - 13176. Is y composite?
False
Let p be 8 + (2 - 5) - 2*-1. Suppose 0 = -4*v + 5*s + 4, -4*v = -3*s - 19 + p. Is v/(30/6805) + (1 - 1) prime?
True
Suppose 0 = 5*j + y + 309, 3*j + y = -2*y - 183. Let c = j - -65. Suppose 0 = m + c*p - 0*p - 246, 3*m - 2*p = 749. Is m prime?
False
Suppose 0 = 2*y + 7 - 37. Let n(g) = -g**3 + 14*g**2 + 18*g - 37. Let d be n(y). Suppose -429 = -3*f - d*f. Is f composite?
True
Let m(b) = b**3 - 5*b**2 + 6*b - 2. Let g be m(4). Suppose -g*n + 42 = -5*n. Is n/(-2)*(-4)/6 a composite number?
True
Let g = 53 - -5. Suppose 8 = 11*k - g. Suppose 3904 = k*b - 1922. Is b a composite number?
False
Is (106/(-6))/((-109)/48723) a composite number?
True
Suppose q = -5*g + 170073, -4*q + 1195*g = 1200*g - 680367. Is q a prime number?
False
Let z(f) = -19227*f + 1871. Is z(-20) prime?
True
Suppose -3*k - 308918 = -2*g, -k - 718324 + 100488 = -4*g. Is g a prime number?
True
Is (820/(-20))/((-9)/65547) prime?
False
Let b(m) = -145*m + 3. Let r be (-8)/6 - (-406)/(-42). Let n(q) = -q**3 - 9*q**2 + 23*q + 4. Let i be n(r). Is b(i) a composite number?
True
Let p be -1*6343 + 27/9. Let x be p/(-10)*(-15)/(-2). Suppose 9*a + x = 12*a. Is a a composite number?
True
Is (-33)/22 - (5 - (-388002)/(-12)) composite?
False
Let d(q) = 436*q**2 + 109*q - 344. Is d(3) a prime number?
True
Let p be (-2)/18 + 11/99*-8. Is ((-53567)/34)/(p/2) prime?
False
Suppose 3*h + 2*h = 3*h. Suppose -3*g + 2611 + 8924 = h. Is g a prime number?
False
Let y(x) = 107*x - 1338. Is y(47) a composite number?
False
Let d = -341269 - -557992. Is (2/(-3))/((-26)/d) composite?
False
Let b = -50 - -43. Let n(c) = -27*c**2 + 15*c**2 - c - 7*c**3 - 2*c**2 - 5 + 0*c. Is n(b) composite?
True
Let a(k) = -45*k**3 + 31*k**2 + 362*k + 5. Is a(-16) composite?
False
Suppose 4*p = 4*z - 296, -4*p + 5*z = 195 + 103. Is 1 + p/96*626*-6 prime?
False
Let t be 771*-2*160/30. Let q = t + 29643. Is q composite?
False
Let u be 5 + -8 + -4 + 6. Is ((889 - 0)*u)/(-3 + 2) prime?
False
Let z(s) = -s + 12. Let l be z(17). Let o be (-50)/40*2/l*892. Suppose 0 = -w - w + o. Is w composite?
False
Suppose i = 28214 + 17807. Is i prime?
True
Let m(f) = 3*f**3 - 42*f**2 + 41*f + 101. Is m(40) prime?
True
Let d(v) = -718*v - 4. Let m be d(-1). Let h = m + -466. Suppose -7*g + 137 + h = 0. Is g composite?
True
Suppose 10*j - d = 5*j - 330, -132 = 2*j + 3*d. Let x = -51 - j. Is (-48979)/(-35) + (9/x - 1) prime?
True
Is ((-42)/(-1155))/(4/10) + 204786/11 a prime number?
True
Let s = 2482 - 2479. Let h(o) = -2*o - 4*o**2 + 35*o**3 + 5*o**2 + 8 + 2. Is h(s) a prime number?
False
Let v(q) = 152*q + 2099. Is v(0) a composite number?
False
Let s(b) = 7355*b**2 - 80*b + 2. Is s(3) composite?
False
Suppose 6*n = -3*g + 7*n + 22285, g + 4*n = 7411. Is g a prime number?
False
Let s(n) = -2*n + 20. Let y be s(7). Suppose 0 = 2*x + x + y. Is 6/(-4)*(x + 188/(-3)) prime?
True
Suppose 7*c - 136 = -c. Suppose -14*a = -c*a + 57447. Suppose -3*q - a = -16*q. Is q a prime number?
False
Suppose 0 = 2*s - z - 9, 3*s - 5*z - 18 = 2*s. Suppose 3*y + 2865 = 2*n - 20324, 0 = -3*n + s*y + 34788. Is n composite?
True
Suppose h = -4*m + 1781, 2*m + 209 = -4*h + 1103. Is 3 + 9/(27/(-6)) + m a composite number?
True
Suppose -5*p + 5*s + 285142 = 15182, 5*p + 3*s - 269968 = 0. Is p composite?
False
Suppose 5*n = 35, 5*d - 1724*n + 1726*n = 4683149. Is d composite?
True
Suppose 4*j + 307562 = 2*n, n + j = -0*n + 153787. Is n a prime number?
False
Suppose -6*u = 3*l - 946341, 17*u + l = 14*u + 473168. Is u composite?
False
Let b = -127 - -130. Suppose -g + 2*s = -221, 2*s - b*s = 2*g - 417. Is g a composite number?
False
Suppose -2*z + z - 3*v + 5191 = 0, -5*z = 2*v - 26007. Suppose 4*p = 5*x + 30514, -10069 - z = -2*p - 5*x. Is p a prime number?
False
Let f be (358/5)/(6/(450/(-5))). Let n = f + 3121. Is n composite?
True
Suppose u + 2*g - 36193 = 0, 94921 = 3*u + g - 13653. Is u prime?
True
Let s(q) = -85068*q**3 - 21*q**2 - 20*q. Is s(-1) a prime number?
False
Suppose 0 = -75*l - 36*l + 13250181. Is l a composite number?
True
Let c(j) = 42*j**2 + 6*j + 11. Let s be c(6). Let a = 762 + s. Is a a prime number?
False
Let n(k) = 9*k - 56. Let x be n(8). Suppose -x*v + 35*v - 34979 = 0. Is v composite?
True
Suppose -5*d + 3*l = -3, -d + 4*l + 3 + 1 = 0. Let a = d + 9. Suppose 2*n - 3*t = 4664 - 27, -3*t + a = 0. Is n prime?
False
Suppose 4*l + 2*s - 56 = 10, -2*s - 2 = 0. Let h be l*(1 + 2)*(-43)/129. Let c(z) = -20*z + 41. Is c(h) a prime number?
False
Let v = -56 + 40. Let t be (v/24)/((-2)/30). Let h(s) = 168*s - 17. Is h(t) a prime number?
True
Suppose -49*u = -79*u + 1155030. Is u a prime number?
True
Suppose -3*k + 324 = r, 2*k - 12*r + 11*r = 221. Is k a prime number?
True
Let b be (3/4)/((-9)/(-36)) + -143. Is ((-4508)/b)/(2/10) a prime number?
False
Suppose -4*g = -13 - 223. Suppose -330 = -g*m + 54*m. Suppose -5*p + i = -473, -p + 21 = -4*i - m. Is p a prime number?
False
Suppose -23*s + 26*s - 9 = 0. Suppose -i + 5*h = -s*i + 206, 5*i - 4*h = 581. Is i a prime number?
True
Let a = -89577 + 187784. Is a a prime number?
True
Suppose -19 = 3*n + 2*n + i, -3*i - 1 = n. Is (-21558)/n*20/30 a composite number?
False
Is ((-105)/(-315))/((-6)/(-13796478)) a prime number?
True
Let r(t) = 23346*t**2 - 748*t - 5. Is r(-6) a composite number?
True
Let j = 79280 - 44013. Is j composite?
False
Let u(o) = -140*o**3 - 2*o**2 + 5*o + 27. Let k be u(-4). Suppose -13*z + 23500 + k = 0. Is z composite?
True
Suppose -135*s + 52*s = 61*s - 132105888. Is s a composite number?
True
Let r = 1 - 1. Let t(g) = 64*g + 1294. Let m(j) = 30*j + 649. Let d(x) = 13*m(x) - 6*t(x). Is d(r) a composite number?
False
Is (621101/104*-4)/((3 - 5)/4) a prime number?
True
Let l = 207203 + -108822. Is l a composite number?
True
Let v = 10578 + 12509. Is v prime?
True
Suppose -37*o + 33*o - 3*c = -292627, 4*o - 292587 = 5*c. Is o prime?
False
Let u = 49 - 45. Suppose -4*q + i + 3 = 0, -u*q - q - 3*i + 25 = 0. Suppose -3*m + 889 = -q*m. Is m prime?
False
Let a = 312 - 55. Suppose -4*z + 37 = a. Let u = z + 182. Is u composite?
False
Let o(c) = 4095*c + 101. Suppose 0 = 48*q - 241 - 47. Is o(q) a prime number?
True
Let x = 643261 + -370916. Is x composite?
True
Suppose 6 = 2*r - r. Suppose 2298 = 17*g - 252. Suppose 0 = p + w - g, 3*w = -4*p + r*w + 593. Is p prime?
True
Let v = 192 - 165. Suppose 4151 = -v*d + 34*d. Is d composite?
False
Suppose -2*o + 15136 = -5*a, 3*o - 16045 - 6684 = -5*a. Let u = o + 2464. Is u composite?
False
Let k be -31*(-8)/(48/(-6)). Is k*593/(-3) + (-86)/129 a prime number?
False
Let o(t) = -t**3 - 79*t**2 - 272*t - 219. Is o(-100) prime?
True
Let z be 18 + (0 - 0 - -1). Let j be 645 - (-14 + (-340)/(-17)). Suppose -z*y = -22*y + j. Is y a composite number?
True
Suppose -5*z + 15 = 5, -4*z - 25 = u. Let j be (-7523)/(-5) + u/55. Is (j/6 - 1)/(9/27) prime?
False
Let a(v) = 49007*v + 9055. Is a(8) a composite number?
True
Suppose 4*i + 42 = -2*h - 116, h = 2*i + 81. Let v be -33*(4 - i/(-6)). Suppose -v - 61 = -p. Is p a prime number?
True
Let p = 16647 - -14920. Is p a composite number?
False
Suppose -580 = -22*r - 36*r. Is 8104/r + ((-192)/(-20) - 9) prime?
True
Let b(m) be the first derivative of 7*m**3/3 + m**2 + 16*m - 14. Is b(15) a prime number?
True
Let i(r) = -4*r**3 + 7*r**2 - 6*r - 2. Let c be i(2). Is 112887/c*10/(-15) a prime number?
False
Let j be ((-5)/(-5)*-1)/(3/(-21)). Let y(i) = -8 + 2*i + 2*i + 12*i**3 - 6*i - j*i**2 + 13. Is y(6) a prime number?
True
Let g(k) = -k**3 + 12*k**2 - 9*k + 7. Let t(l) = 7*l - 11. Let n(w) = -w + 1. Let b(o) = -6*n(o) - t(o). Let m be b(-3). Is g(m) prime?
True
Suppose -1093*p = -1096*p + 264351. Is p composite?
False
Let c = 41 + -26. Suppose -8*m + c = -25. Suppose 3*z - 101 = -4*k, 5*z = 2*z - m*k + 103. Is z a prime number?
True
Is 271582 - (-6)/9*3 - 280/40 a composite number?
True
Is 5/(-1) + 843063 + -15 prime?
True
Suppose -5 = 4*w + w. Let b be w + (-22 + 3 - 4). Is (b/(-36))/((-2)/(-1455)) a prime number?
False
Let x = -18 